+ -8
34
Calculate -6 - (11 - 18 - 1) - 16.
-14
What is 7 - (23 + -14 - 9)?
7
Calculate -1 - -16 - -6 - (1 + 4 + -1).
17
What is -17 + 8 + -31 + 29?
-11
53 + -1 + -501 + 478
29
What is the value of -19 - (-57 + 26) - 11?
1
Calculate 19 + (-6 - (-3 - -22) - -13).
7
Calculate -6 - 2 - -4 - 0.
-4
What is 11 - 44 - (-27 + 4)?
-10
16 + -25 - ((-1 - 36) + -4)
32
-32 - -11 - -49 - 31
-3
Calculate -8 + 7 - (-15 - -10).
4
(108 - 104) + (2 - 0 - 1) + -3
2
What is the value of 6 + 3 - (-4 + 5 + 3)?
5
2 + ((-16 - -8) + -13 - -9)
-10
6 + 13 + -3 - (1 - (-1 - 2))
12
2 + (-173 - -182) + 2 + (-2 - 26)
-15
4 + -2 - -7 - 14 - -17
12
What is 39 - (-46 + 38 + 22)?
25
-17 + 9 + (-2 - -2) - 4
-12
Calculate 11 - ((-3 + 5 - 1) + -1 + 8).
3
What is the value of 12 - (0 + 1 + -267 + 254)?
24
(10 - 1) + (8 + -15 - -13 - 0)
15
What is (-4 - 5) + (1 - -2)?
-6
What is 7 + (-2 - 4) + (70 - 75) - 7?
-11
What is the value of -49 - (-22 + 32 + -34)?
-25
Calculate -1 + 0 - (0 - -7 - (182 - 161)).
13
What is -19 - -17 - (2 + 6)?
-10
What is (-28 - (-33 + 20)) + 26?
11
Evaluate 15 - (-15 - -17) - 20.
-7
Evaluate 4 + (-4 - -1 - 5) + -2.
-6
What is the value of -11 + (-6 + -1 - (0 + -10 + 7))?
-15
Calculate (9 - 24) + 18 + 3.
6
Calculate 153 + -153 - (-20 + -1 - -6).
15
What is (-2 + 5 - (14 + -5)) + -4 - 1?
-11
-1 - 0 - (7 - (-27 - -49))
14
What is 15 - ((274 - 284) + 0 + 10)?
15
Evaluate 2 + -1 + 3 + -19 + 22.
7
Calculate -1 + -18 + 1 + 23.
5
2 + (-9 - (-7 - (10 - 37))) - -4
-23
What is the value of 6 + -15 + (-7 + 27 - 11)?
0
Evaluate (7 - (-2 + 6 + 4 - -2)) + -10.
-13
What is the value of 7 + (-2 - 3) + 12 + -19?
-5
Calculate -1 + (23 - (12 + 1) - 1).
8
What is the value of 4 + 8 + -9 + 0?
3
Calculate (-3 - 62) + 37 - 10.
-38
8 + (38 - 18 - 22)
6
Evaluate 3 - (35 - (13 - -21)).
2
What is the value of -329 + 306 - (-10 - (4 - 5))?
-14
What is (7 - 1) + (84 - 88) + -3?
-1
What is 14 + 11 + -37 + -3?
-15
Calculate 5 - ((14 - (4 - 3)) + 2).
-10
What is the value of 0 + -8 + (-3 + -6 - (-2 - 11))?
-4
Calculate (48 - 22) + -16 + -2.
8
What is the value of -14 - (-2 + 0) - 7?
-19
What is -52 + (37 - (-13 + 28))?
-30
Evaluate 24 - (22 + -37 + 17).
22
-10 - ((-7 - (5 - 18)) + -4) - -1
-11
Calculate (-13 - (-12 - (-1 - 6))) + -9.
-17
What is the value of 2 + -10 + -2 - -3?
-7
What is the value of 10 - (-83 - -120 - (1 - 11) - 11)?
-26
Calculate -9 + (1 - (-4 - 7)) - 13.
-10
28 - (41 + -25 - (6 + 11))
29
Evaluate -1 + -9 + (10 - 4) + 3 + 7.
6
Calculate -14 + 22 + (4 - 13) - -7.
6
Evaluate (4 - -19 - 18) + 1 + 2 + -11.
-3
What is (-430 + 426 - (-1 - (1 + 8))) + -11?
-5
What is the value of -3 + -13 + 0 - (6 + -27 + 17)?
-12
1 + 0 - (32 + -31 + 5) - -9
4
Calculate (1 - 9 - (7 - 13)) + 5 + 1.
4
Calculate -11 - (4 + -1 + -39 + 36).
-11
(12 - (15 + (-16 - -4))) + -32
-23
Evaluate -1 + 1 + 7 + 27 + -43 + 35.
26
Calculate -76 - -70 - (25 + 1) - (10 + -17).
-25
Evaluate -13 + 6 + -2 + 1 + 2 + 9.
3
Evaluate -8 - -5 - (-56 + 49).
4
What is (-18 - -12) + (6 + -18 - -18)?
0
What is (-3 - 12) + 41 + -21?
5
(-1 + 3 - 1) + 8 - (-40 + 34)
15
What is the value of 10 + (-37 + 29 - 36)?
-34
What is 5 + 21 + -29 + 7?
4
(2 - -4 - (4 - -7)) + -10
-15
Calculate -10 - -54 - (-1 + (-4 - -9) + 0).
40
What is the value of 3 + -4 + -11 + (-9 - 2) + 5?
-18
51 + -51 + -31 + 50
19
Evaluate (-1 - (13 + -4)) + (38 - 37).
-9
Calculate (21 - 29) + 0 + (2 - (-2 + 3)).
-7
Evaluate (-1 - -6) + (-6 + 20 - 16).
3
Evaluate -5 + 3 - -6 - (62 - 33).
-25
(-4 + 18 - 12) + (11 - (1 + 1))
11
-14 - (4 - 17 - -6)
-7
-11 + 1 - (-190 + 187)
-7
What is (2 - -1) + (-1 - 3) - (8 - 13)?
4
Calculate (-1 - (3 - 2)) + (-8 - (-4 - -7)).
-13
What is -10 - (3 + 0 + 4 - 7)?
-10
(14 - (25 + -27)) + -6 + -1 + -37
-28
What is the value of 258 + -270 - (-1 + -15)?
4
Calculate (-1 - -8) + -1 + 1 + -19 + 16.
4
Calculate (-11 - -5 - 4) + 11 + -6.
-5
Calculate -65 + (5 + 40 - 21).
-41
What is -1469 + 1466 + (0 + -1 - (-1 - -7))?
-10
Calculate (-41 - -51) + (-14 - -1) - (-2 - 1).
0
Evaluate -17 - (-2 + -7 + -3 + 7).
-12
What is 13 - (2 - (0 - (-5 + (-3 - -8))))?
11
What is the value of -2 - (-1 + (2 - 0) + (-22 - -25))?
-6
Calculate 1 + 5 + 13 + (-22 - 9) + 4.
-8
Evaluate (-9 - 1) + (-88 - -108).
10
Evaluate (-9 - (-6 - -9)) + 21 - 2.
7
(-1 + 22 - 34) + 0 + -1
-14
Evaluate 8 - (15 - -1 - (-52 + 39)).
-21
What is 26 - (-4 + 21 + 11)?
-2
7 - ((0 + 3 + -18 - -8) + 23)
-9
What is the value of -6 + (22 - (-4 + 20)) + 2 + 1?
3
29 + (-75 - -21 - -31)
6
What is the value of 14 - (16 - ((12 - -8) + -12))?
6
What is the value of (14 - -1) + (107 - 148)?
-26
What is the value of (4 + 1 + 8 - 5) + 4 + -8?
4
Evaluate -30 + (-14 - -6 - -14) + 4 + -2.
-22
Calculate -2 + 3 + 9 - (1619 - 1576).
-33
Evaluate 3 + (27 + -8 - (12 - -4)).
6
What is the value of -1 - ((0 - (-1 + -18)) + 730 + -735)?
-15
Evaluate 2 - 6 - ((3 - 6 - 2) + 0).
1
What is -6 - (10 - (-6 + 28)) - (3 - 22)?
25
Evaluate (1 + -3 - (8 + -4)) + 24 + 2.
20
What is -2 - -2 - -8 - (264 + -244)?
-12
(-5 + -1 - -18) + -2 - 9
1
What is the value of 12 + (-1 - 6 - (-202 - -199))?
8
What is 39 - (11 + -4) - (15 - 0)?
17
Calculate -4 + 16 - (14 - -6).
-8
-7 + (-1 - -10) + -14
-12
-33 + 20 + 1 + 88 + -103
-27
Evaluate (59 + 3 - 71) + (20 - (0 - 1)).
12
Evaluate 59 + -66 + 0 + -1 + 1 + -3.
-10
Calculate -67 + 18 + (-15 - -39).
-25
What is the value of (28 - 1 - (-356 - -375)) + (-2 - 26)?
-20
What is the value of 5 + 2 + ((-12 - 0) + 22 - 35)?
-18
What is the value of -2 + (5 - (1 + -4 - -12)) - 6?
-12
-7 - 0 - ((-6 - 5) + 7 + -11)
8
-14 + -16 + 19 + (20 - 13)
-4
Calculate (5 + 4 + -5 - 1) + -14 + 7.
-4
What is the value of -4 - (14 + -26) - -5 - -10?
23
What is the value of -2 + (-1 + -2 + 1 + 0 - -3)?
-1
(7 - 2) + 0 + (15 - 25)
-5
Evaluate 3 + -23 + (-264 - -282).
-2
Calculate -34 - -27 - -30 - 5.
18
What is -36 + -2 + 32 + (-25 - 2)?
-33
What is 17 - ((-10 - -6) + 23)?
-2
What is the value of -31 + (5 - 4) + 13 + -5?
-22
-21 - -1 - ((11 - 11) + 9)
-29
Calculate -22 + -6 + 60 + -23.
9
What is 5 - (9 - (10 + -4))?
2
Calculate -36 - -14 - -8 - 3.
-17
What is 2 - (-12 + (3 - 1) - (175 + -184))?
3
Calculate 26 + -12 + -26 - -10.
-2
Calculate (-7 + -10 + 31 - 12) + (2 - -1).
5
What is (12 - (-4 - -20)) + 10?
6
What is the value of 3 - 8 - (11 - 31) - -3?
18
Evaluate -5 + -11 - -15 - -12.
11
What is -2 + 0 + (-5 - -1) + -2 - 1?
-9
What is the value of -2 - -2 - (31 - 32) - -1?
2
-8 - (-6 - (26 - 12))
12
Evaluate -5 + (3 - -6) + -10 + 2 + -5.
-9
Calculate (-1 - 3) + (-55 - -51) + -10.
-18
What is the value of 9 + -16 - (-6 - 4)?
3
Evaluate -23 + (15 - (-5 + 10 + -1)).
-12
Evaluate (-27 - 2 - -23) + 26.
20
What is -4 + 4 + 3 + -1 + -1?
1
Calculate -3 - (11 + 3 + -16).
-1
(19 - 11 - 17) + (0 - (1 - -3))
-13
Evaluate 3 + -1 + (2 - (19 + -12)).
-3
What is the value of 5 - 10 - -3 - (-3 - -19)?
-18
What is (8 - 1) + (-16 - 8) + (13 - 10)?
-14
Evaluate 2 + -15 + 12 + 22 + -26.
-5
What is (45 - 15 - 15) + -1?
14
Evaluate (2 - 11) + 3 - ((14 - 3) + -28).
11
What is (11 - (-2 - 1)) + (-7 - -2)?
9
What is -9 + -3 - (14 + (-34 - -13))?
-5
What is 1 + 4 - (5 + 3 - -14 - 8)?
-9
-176 + 191 - (0 - -11) - 16
-12
What is the value of -10 + 8 + 8 + -13 - (-5 + -19)?
17
What is the value of -6 + 3 + (12 - 2)?
7
5 + -6 - (6 - 0 - 10)
3
What is the value of 5 + -11 + (-14 - -26)?
6
What is (-1 - (-5 - -2)) + -3 + -35 + 27?
-9
Calculate 22 + -35 + 3 + 0.
-10
Evaluate -185 - -170 - (1 + (-1 - (-1 - 4))).
-20
Evaluate 13 - (-15 + 11 - -10).
7
What is the value of (-17 - 3) + 25 + 14?
19
Calculate 6 - (26 + (-17 - (6 + -12))).
-9
Evaluate (-15 - (10 + -54)) + -38.
-9
2 + 5 + -9 + 3 - 0
1
Evaluate 57 + 40 + -22 + -43.
32
What is 20 + -1 + -15 + (-1 - 1)?
2
(-27 - 1) + (-3 - (11 + -7 + -9))
-26
(8 - (-1 + 5 + -4 + -13)) + -6
15
Evaluate (-232 - -229 - (-8 + 1 - 0)) + -2.
2
-13 + 15 - -3 - (8 + 27)
-30
What is 1 + -1 + -9 + 3 + 3 + 5?
2
What is the value of (9 - 19) + (18 - 14 - -15)?
9
What is -12 + 0 + -143 + 136?
-19
Calculate (28 - (22 + -7)) + -28.
-15
What is -10 + 1 - (-5 + 0 + (-92 - -101))?
-13
Calculate -7 - -9 - (48 + -56).
10
Calculate 19 + (-12 - (-6 + 26)).
-13
What is the value of 15 + -9 + -63 + 79?
22
25 - ((32 - 33) + 10 + 1)
15
What is (-2 - 0) + 3 + (0 - (1 + 7))?
-7
What is (4 - -1) + (22 - ((-8 - -14) + 9))?
12
Calculate 0 + -5